{"id":37,"date":"2023-06-27T00:17:17","date_gmt":"2023-06-27T00:17:17","guid":{"rendered":"https:\/\/concurseirosmunicipais.com.br\/v1\/sobre\/"},"modified":"2025-04-13T14:49:31","modified_gmt":"2025-04-13T17:49:31","slug":"sobre","status":"publish","type":"page","link":"https:\/\/concurseirosmunicipais.com.br\/v1\/sobre\/","title":{"rendered":"Sobre"},"content":{"rendered":"<p>O portal CONCURSEIROS MUNICIPAIS \u00e9 o seu parceiro ideal para a conquista da aprova\u00e7\u00e3o em concursos p\u00fablicos municipais. Aqui, voc\u00ea encontra tudo o que precisa para se preparar para o exame, incluindo:<\/p>\n<p>Informa\u00e7\u00f5es sobre os principais certames abertos no Brasil;<br \/>\nAn\u00e1lises de editais e provas anteriores;<br \/>\nDicas de estudo e planejamento;<br \/>\nNot\u00edcias do mundo dos concursos;<br \/>\nE muito mais!<\/p>\n<p>Nossa equipe \u00e9 composta por especialistas com mais de 15 anos de experi\u00eancia em educa\u00e7\u00e3o, que est\u00e3o comprometidos em ajudar voc\u00ea a alcan\u00e7ar o seu objetivo. Venha fazer parte do nosso time e vamos juntos conquistar a sua aprova\u00e7\u00e3o!<\/p>\n<p>N\u00f3s te ajudamos a conquistar sua aprova\u00e7\u00e3o! Prepara\u00e7\u00e3o para concursos com foco nas bancas e cadernos de quest\u00f5es eficientes.<\/p>\n<p>Abra\u00e7os<\/p>\n","protected":false},"excerpt":{"rendered":"<p>O portal CONCURSEIROS MUNICIPAIS \u00e9 o seu parceiro ideal para a conquista da aprova\u00e7\u00e3o em concursos p\u00fablicos municipais. Aqui, voc\u00ea encontra tudo o que precisa para se preparar para o exame, incluindo: Informa\u00e7\u00f5es sobre os principais certames abertos no Brasil; An\u00e1lises de editais e provas anteriores; Dicas de estudo e planejamento; Not\u00edcias do mundo dos [&hellip;]<\/p>\n","protected":false},"author":2,"featured_media":0,"parent":0,"menu_order":0,"comment_status":"closed","ping_status":"closed","template":"","meta":{"footnotes":""},"class_list":["post-37","page","type-page","status-publish","hentry"],"yoast_head":"<!-- This site is optimized with the Yoast SEO plugin v25.3.1 - https:\/\/yoast.com\/wordpress\/plugins\/seo\/ -->\n<title>Sobre - Concurseiros Municipais<\/title>\n<meta name=\"robots\" content=\"index, follow, max-snippet:-1, max-image-preview:large, max-video-preview:-1\" \/>\n<link rel=\"canonical\" href=\"https:\/\/concurseirosmunicipais.com.br\/v1\/sobre\/\" \/>\n<meta property=\"og:locale\" content=\"pt_BR\" \/>\n<meta property=\"og:type\" content=\"article\" \/>\n<meta property=\"og:title\" content=\"Sobre - Concurseiros Municipais\" \/>\n<meta property=\"og:description\" content=\"O portal CONCURSEIROS MUNICIPAIS \u00e9 o seu parceiro ideal para a conquista da aprova\u00e7\u00e3o em concursos p\u00fablicos municipais. Aqui, voc\u00ea encontra tudo o que precisa para se preparar para o exame, incluindo: Informa\u00e7\u00f5es sobre os principais certames abertos no Brasil; An\u00e1lises de editais e provas anteriores; Dicas de estudo e planejamento; Not\u00edcias do mundo dos [&hellip;]\" \/>\n<meta property=\"og:url\" content=\"https:\/\/concurseirosmunicipais.com.br\/v1\/sobre\/\" \/>\n<meta property=\"og:site_name\" content=\"Concurseiros Municipais\" \/>\n<meta property=\"article:publisher\" content=\"https:\/\/www.facebook.com\/exitoquestoes\" \/>\n<meta property=\"article:modified_time\" content=\"2025-04-13T17:49:31+00:00\" \/>\n<meta name=\"twitter:card\" content=\"summary_large_image\" \/>\n<meta name=\"twitter:label1\" content=\"Est. tempo de leitura\" \/>\n\t<meta name=\"twitter:data1\" content=\"1 minuto\" \/>\n<script type=\"application\/ld+json\" class=\"yoast-schema-graph\">{\"@context\":\"https:\/\/schema.org\",\"@graph\":[{\"@type\":\"WebPage\",\"@id\":\"https:\/\/concurseirosmunicipais.com.br\/v1\/sobre\/\",\"url\":\"https:\/\/concurseirosmunicipais.com.br\/v1\/sobre\/\",\"name\":\"Sobre - Concurseiros Municipais\",\"isPartOf\":{\"@id\":\"https:\/\/concurseirosmunicipais.com.br\/v1\/#website\"},\"datePublished\":\"2023-06-27T00:17:17+00:00\",\"dateModified\":\"2025-04-13T17:49:31+00:00\",\"inLanguage\":\"pt-BR\",\"potentialAction\":[{\"@type\":\"ReadAction\",\"target\":[\"https:\/\/concurseirosmunicipais.com.br\/v1\/sobre\/\"]}]},{\"@type\":\"WebSite\",\"@id\":\"https:\/\/concurseirosmunicipais.com.br\/v1\/#website\",\"url\":\"https:\/\/concurseirosmunicipais.com.br\/v1\/\",\"name\":\"Concurseiros Municipais\",\"description\":\"Aprova\u00e7\u00e3o certa\",\"publisher\":{\"@id\":\"https:\/\/concurseirosmunicipais.com.br\/v1\/#organization\"},\"potentialAction\":[{\"@type\":\"SearchAction\",\"target\":{\"@type\":\"EntryPoint\",\"urlTemplate\":\"https:\/\/concurseirosmunicipais.com.br\/v1\/?s={search_term_string}\"},\"query-input\":{\"@type\":\"PropertyValueSpecification\",\"valueRequired\":true,\"valueName\":\"search_term_string\"}}],\"inLanguage\":\"pt-BR\"},{\"@type\":\"Organization\",\"@id\":\"https:\/\/concurseirosmunicipais.com.br\/v1\/#organization\",\"name\":\"Concurseiros Municipais\",\"url\":\"https:\/\/concurseirosmunicipais.com.br\/v1\/\",\"logo\":{\"@type\":\"ImageObject\",\"inLanguage\":\"pt-BR\",\"@id\":\"https:\/\/concurseirosmunicipais.com.br\/v1\/#\/schema\/logo\/image\/\",\"url\":\"https:\/\/concurseirosmunicipais.com.br\/v1\/wp-content\/uploads\/2023\/06\/logo.png\",\"contentUrl\":\"https:\/\/concurseirosmunicipais.com.br\/v1\/wp-content\/uploads\/2023\/06\/logo.png\",\"width\":147,\"height\":131,\"caption\":\"Concurseiros Municipais\"},\"image\":{\"@id\":\"https:\/\/concurseirosmunicipais.com.br\/v1\/#\/schema\/logo\/image\/\"},\"sameAs\":[\"https:\/\/www.facebook.com\/exitoquestoes\",\"https:\/\/www.instagram.com\/exito_questoes\/\",\"https:\/\/www.youtube.com\/channel\/UCgFertSpfACtsTuwgAQZUrQ\"]}]}<\/script>\n<!-- \/ Yoast SEO plugin. -->","yoast_head_json":{"title":"Sobre - Concurseiros Municipais","robots":{"index":"index","follow":"follow","max-snippet":"max-snippet:-1","max-image-preview":"max-image-preview:large","max-video-preview":"max-video-preview:-1"},"canonical":"https:\/\/concurseirosmunicipais.com.br\/v1\/sobre\/","og_locale":"pt_BR","og_type":"article","og_title":"Sobre - Concurseiros Municipais","og_description":"O portal CONCURSEIROS MUNICIPAIS \u00e9 o seu parceiro ideal para a conquista da aprova\u00e7\u00e3o em concursos p\u00fablicos municipais. Aqui, voc\u00ea encontra tudo o que precisa para se preparar para o exame, incluindo: Informa\u00e7\u00f5es sobre os principais certames abertos no Brasil; An\u00e1lises de editais e provas anteriores; Dicas de estudo e planejamento; Not\u00edcias do mundo dos [&hellip;]","og_url":"https:\/\/concurseirosmunicipais.com.br\/v1\/sobre\/","og_site_name":"Concurseiros Municipais","article_publisher":"https:\/\/www.facebook.com\/exitoquestoes","article_modified_time":"2025-04-13T17:49:31+00:00","twitter_card":"summary_large_image","twitter_misc":{"Est. tempo de leitura":"1 minuto"},"schema":{"@context":"https:\/\/schema.org","@graph":[{"@type":"WebPage","@id":"https:\/\/concurseirosmunicipais.com.br\/v1\/sobre\/","url":"https:\/\/concurseirosmunicipais.com.br\/v1\/sobre\/","name":"Sobre - Concurseiros Municipais","isPartOf":{"@id":"https:\/\/concurseirosmunicipais.com.br\/v1\/#website"},"datePublished":"2023-06-27T00:17:17+00:00","dateModified":"2025-04-13T17:49:31+00:00","inLanguage":"pt-BR","potentialAction":[{"@type":"ReadAction","target":["https:\/\/concurseirosmunicipais.com.br\/v1\/sobre\/"]}]},{"@type":"WebSite","@id":"https:\/\/concurseirosmunicipais.com.br\/v1\/#website","url":"https:\/\/concurseirosmunicipais.com.br\/v1\/","name":"Concurseiros Municipais","description":"Aprova\u00e7\u00e3o certa","publisher":{"@id":"https:\/\/concurseirosmunicipais.com.br\/v1\/#organization"},"potentialAction":[{"@type":"SearchAction","target":{"@type":"EntryPoint","urlTemplate":"https:\/\/concurseirosmunicipais.com.br\/v1\/?s={search_term_string}"},"query-input":{"@type":"PropertyValueSpecification","valueRequired":true,"valueName":"search_term_string"}}],"inLanguage":"pt-BR"},{"@type":"Organization","@id":"https:\/\/concurseirosmunicipais.com.br\/v1\/#organization","name":"Concurseiros Municipais","url":"https:\/\/concurseirosmunicipais.com.br\/v1\/","logo":{"@type":"ImageObject","inLanguage":"pt-BR","@id":"https:\/\/concurseirosmunicipais.com.br\/v1\/#\/schema\/logo\/image\/","url":"https:\/\/concurseirosmunicipais.com.br\/v1\/wp-content\/uploads\/2023\/06\/logo.png","contentUrl":"https:\/\/concurseirosmunicipais.com.br\/v1\/wp-content\/uploads\/2023\/06\/logo.png","width":147,"height":131,"caption":"Concurseiros Municipais"},"image":{"@id":"https:\/\/concurseirosmunicipais.com.br\/v1\/#\/schema\/logo\/image\/"},"sameAs":["https:\/\/www.facebook.com\/exitoquestoes","https:\/\/www.instagram.com\/exito_questoes\/","https:\/\/www.youtube.com\/channel\/UCgFertSpfACtsTuwgAQZUrQ"]}]}},"_links":{"self":[{"href":"https:\/\/concurseirosmunicipais.com.br\/v1\/wp-json\/wp\/v2\/pages\/37","targetHints":{"allow":["GET"]}}],"collection":[{"href":"https:\/\/concurseirosmunicipais.com.br\/v1\/wp-json\/wp\/v2\/pages"}],"about":[{"href":"https:\/\/concurseirosmunicipais.com.br\/v1\/wp-json\/wp\/v2\/types\/page"}],"author":[{"embeddable":true,"href":"https:\/\/concurseirosmunicipais.com.br\/v1\/wp-json\/wp\/v2\/users\/2"}],"replies":[{"embeddable":true,"href":"https:\/\/concurseirosmunicipais.com.br\/v1\/wp-json\/wp\/v2\/comments?post=37"}],"version-history":[{"count":7,"href":"https:\/\/concurseirosmunicipais.com.br\/v1\/wp-json\/wp\/v2\/pages\/37\/revisions"}],"predecessor-version":[{"id":1258,"href":"https:\/\/concurseirosmunicipais.com.br\/v1\/wp-json\/wp\/v2\/pages\/37\/revisions\/1258"}],"wp:attachment":[{"href":"https:\/\/concurseirosmunicipais.com.br\/v1\/wp-json\/wp\/v2\/media?parent=37"}],"curies":[{"name":"wp","href":"https:\/\/api.w.org\/{rel}","templated":true}]}}